to base 11.
31
Convert 2 (base 3) to base 14.
2
Convert -35 (base 10) to base 12.
-2b
Convert 2213 (base 4) to base 5.
1132
Convert 1 (base 2) to base 8.
1
10 (base 3) to base 11
3
-7 (base 13) to base 5
-12
What is 1 (base 5) in base 14?
1
11 (base 11) to base 3
110
3 (base 16) to base 2
11
What is 21 (base 5) in base 13?
b
Convert -2 (base 9) to base 6.
-2
2 (base 8) to base 12
2
Convert 8 (base 9) to base 7.
11
-2 (base 16) to base 10
-2
Convert 3 (base 12) to base 7.
3
What is 30 (base 6) in base 3?
200
What is -27 (base 16) in base 12?
-33
Convert -a (base 14) to base 12.
-a
-230 (base 4) to base 6
-112
302 (base 7) to base 10
149
Convert 2 (base 16) to base 10.
2
2 (base 4) to base 14
2
What is -1113 (base 4) in base 9?
-106
What is 0 (base 16) in base 10?
0
What is -7 (base 8) in base 15?
-7
What is 2 (base 14) in base 7?
2
Convert 15 (base 16) to base 5.
41
Convert a (base 16) to base 5.
20
Convert -141 (base 5) to base 11.
-42
10 (base 4) to base 6
4
-110 (base 2) to base 13
-6
Convert 2 (base 16) to base 12.
2
Convert 2d (base 14) to base 7.
56
What is 11 (base 7) in base 6?
12
1a (base 13) to base 16
17
-1 (base 12) to base 14
-1
-48 (base 13) to base 10
-60
6 (base 13) to base 7
6
What is -1 (base 6) in base 9?
-1
What is -1032 (base 4) in base 7?
-141
101100 (base 2) to base 9
48
What is 2 (base 8) in base 10?
2
26 (base 11) to base 12
24
666 (base 7) to base 8
526
Convert -2 (base 7) to base 4.
-2
2 (base 13) to base 4
2
Convert -3 (base 6) to base 15.
-3
-71 (base 11) to base 2
-1001110
-30 (base 5) to base 6
-23
Convert -31 (base 11) to base 14.
-26
What is 4 (base 15) in base 13?
4
-66 (base 15) to base 10
-96
1 (base 5) to base 6
1
-3e (base 16) to base 15
-42
What is 2 (base 11) in base 7?
2
Convert -2 (base 10) to base 12.
-2
2010 (base 3) to base 15
3c
2 (base 7) to base 5
2
What is 230 (base 5) in base 7?
122
Convert -5 (base 11) to base 16.
-5
Convert -2a (base 15) to base 4.
-220
0 (base 10) to base 15
0
Convert -152 (base 6) to base 8.
-104
What is f (base 16) in base 14?
11
Convert -101120 (base 3) to base 7.
-555
Convert 5 (base 16) to base 4.
11
-a4 (base 16) to base 5
-1124
What is -15 (base 6) in base 11?
-10
Convert -12 (base 6) to base 8.
-10
What is cb (base 13) in base 8?
247
What is -9 (base 15) in base 6?
-13
1 (base 3) to base 9
1
What is -11 (base 3) in base 9?
-4
Convert -35 (base 7) to base 11.
-24
Convert 47 (base 13) to base 15.
3e
What is -5 (base 7) in base 5?
-10
What is 122 (base 4) in base 2?
11010
Convert 3 (base 5) to base 11.
3
Convert -3 (base 14) to base 12.
-3
-93 (base 16) to base 11
-124
Convert -220 (base 4) to base 2.
-101000
What is -2 (base 11) in base 5?
-2
What is 3 (base 15) in base 3?
10
77 (base 8) to base 4
333
What is -120 (base 4) in base 10?
-24
Convert -1d (base 14) to base 16.
-1b
Convert -1302 (base 6) to base 16.
-146
34 (base 11) to base 4
211
43 (base 5) to base 11
21
Convert 3133 (base 4) to base 10.
223
Convert 0 (base 5) to base 7.
0
What is 1 (base 3) in base 16?
1
-7 (base 16) to base 3
-21
What is -242 (base 12) in base 7?
-662
Convert 6 (base 8) to base 5.
11
5 (base 6) to base 2
101
Convert -1 (base 10) to base 3.
-1
Convert 3 (base 13) to base 3.
10
What is 10110101 (base 2) in base 4?
2311
0 (base 4) to base 2
0
What is -145 (base 7) in base 8?
-122
Convert -1 (base 7) to base 3.
-1
Convert 0 (base 3) to base 9.
0
What is 10 (base 8) in base 5?
13
43 (base 10) to base 5
133
What is -39 (base 11) in base 6?
-110
Convert -2f (base 16) to base 10.
-47
-13 (base 13) to base 4
-100
What is -23 (base 7) in base 6?
-25
Convert 1 (base 7) to base 11.
1
What is 31 (base 6) in base 10?
19
What is -1 (base 9) in base 8?
-1
Convert 3 (base 11) to base 7.
3
13 (base 6) to base 8
11
What is 34 (base 6) in base 10?
22
-146 (base 7) to base 16
-53
Convert -6 (base 11) to base 8.
-6
Convert -11000 (base 2) to base 14.
-1a
2 (base 7) to base 3
2
Convert -277 (base 8) to base 13.
-119
What is -10000 (base 2) in base 12?
-14
3 (base 4) to base 5
3
What is 0 (base 16) in base 7?
0
What is 3 (base 9) in base 14?
3
What is -64 (base 12) in base 3?
-2211
10 (base 7) to base 9
7
What is 8 (base 16) in base 12?
8
Convert 101 (base 7) to base 14.
38
-10 (base 2) to base 10
-2
What is 23 (base 6) in base 13?
12
Convert 25 (base 8) to base 6.
33
What is -17 (base 11) in base 13?
-15
4 (base 15) to base 10
4
What is -c (base 13) in base 5?
-22
Convert -3 (base 9) to base 11.
-3
Convert 2 (base 7) to base 10.
2
What is -130 (base 9) in base 5?
-413
What is a (base 16) in base 10?
10
Convert 196 (base 13) to base 14.
16c
23 (base 8) to base 3
201
Convert -32 (base 4) to base 3.
-112
Convert 101000 (base 2) to base 4.
220
Convert -5b (base 16) to base 14.
-67
Convert 2130 (base 4) to base 8.
234
Convert -3 (base 16) to base 3.
-10
What is 6 (base 11) in base 9?
6
What is 3 (base 15) in base 16?
3
-19 (base 13) to base 15
-17
What is -3 (base 15) in base 13?
-3
What is 13 (base 14) in base 4?
101
Convert 0 (base 7) to base 4.
0
Convert 46 (base 9) to base 13.
33
What is 3 (base 9) in base 3?
10
What is -4 (base 8) in base 5?
-4
Convert 10 (base 11) to base 13.
b
What is -423 (base 6) in base 13?
-c3
Convert -45 (base 14) to base 9.
-67
0 (base 2) to base 5
0
What is -51 (base 6) in base 10?
-31
What is -2002 (base 3) in base 11?
-51
-8 (base 16) to base 7
-11
15 (base 16) to base 9
23
Convert 2 (base 6) to base 7.
2
What is -270 (base 9) in base 7?
-441
What is 11 (base 16) in base 2?
10001
What is 1044 (base 5) in base 10?
149
Convert 3 (base 16) to base 6.
3
Convert -38 (base 12) to base 6.
-112
Convert 2 (base 15) to base 8.
2
What is 107 (base 9) in base 12?
74
34 (base 7) to base 4
121
Convert -b (base 16) to base 12.
-b
What is 21 (base 8) in base 12?
15
3 (base 13) to base 16
3
What is -5 (base 8) in base 7?
-5
Convert -2 (base 3) to base 7.
-2
What is -1 (base 9) in base 7?
-1
What is -66 (base 8) in base 15?
-39
Convert 3 (base 14) to base 16.
3
Convert -30 (base 8) to base 7.
-33
-12 (base 10) to base 9
-13
Convert 2 (base 12) to base 10.
2
Convert 3 (base 7) to base 11.
3
What is -2102 (base 4) in base 15?
-9b
What is 145 (base 14) in base 8?
401
-2 (base 14) to base 4
-2
Convert 10 (base 15) to base 8.
17
Convert -6 (base 8) to base 4.
-12
Convert -4 (base 12) to base 7.
-4
-3 (base 6) to base 13
-3
Convert 23 (base 15) to base 3.
1020
-2 (base 6) to base 10
-2
Convert -11 (base 6) to base 9.
-7
Convert 210 (base 4) to base 8.
44
-213 (base 5) to base 11
-53
-8 (base 16) to base 14
-8
-10 (base 3) to base 16
-3
11010 (base 2) to base 6
42
-32 (base 5) to base 12
-15
32 (base 6) to base 13
17
Convert -6 (base 15) to base 6.
-10
Convert -10111 (base 2) to base 7.
-32
Convert -1 (base 10) to base 13.
-1
What is -3 (base 6) in base 9?
-3
-7 (base 15) to base 5
-12
Convert 27 (base 9) to base 2.
11001
-255 (base 6) to base 4
-1223
What is -46 (base 16) in base 3?
-2121
What is -5 (base 15) in base 10?
-5
What is 130 (base 4) in base 7?
40
Convert 12020 (base 3) to base 14.
a1
Convert -10 (base 8) to base 13.
-8
Convert 2 (base 5) to base 7.
2
What is 10100000 (base 2) in base 16?
a0
Convert 54 (base 7) to base 3.
1110
Convert 4 (base 13) to base 5.
4
-10221 (base 3) to base 12
-8a
Convert 1 (base 2) to base 10.
1
What is -24 (base 7) in base 10?
-18
Convert -220 (base 6) to base 16.
-54
Convert -2 (base 7) to base 5.
-2
Convert -2 (base 14) to base 3.
-2
3 (base 6) to base 12
3
What is 19 (base 12) in base 3?
210
186 (base 9) to base 7
315
Convert 3 (base 13) to base 12.
3
Convert 16 (base 7) to base 3.
111
Convert -12 (base 3) to base 8.
-5
What is 0 (base 13) in base 8?
0
-2 (base 7) to base 8
-2
Convert 4 (base 11) to base 8.
4
Convert -3 (base 7) to base 10.
-3
1 (base 4) to base 12
1
2 (base 9) to base 12
2
Convert -10 (base 14) to base 10.
-14
-223 (base 11) to base 3
-100220
What is -5 (base 14) in base 15?
-5
-3 (base 9) to base 12
-3
Convert 13 (base 4) to base 15.
7
-101 (base 2) to base 14
-5
Convert 5 (base 12) to base 16.
5
Convert -25 (base 13) to base 12.
-27
What is -1 (base 10) in base 16?
-1
What is -6 (base 7) in base 2?
-110
What is -1 (base 3) in base 5?
-1
What is -2 (base 15) in base 2?
-10
56 (base 13) to base 12
5b
What is 10 (base 5) in base 16?
5
What is 2